{"id":36,"date":"2016-04-12T17:18:23","date_gmt":"2016-04-12T17:18:23","guid":{"rendered":"http:\/\/www.fymconsultores.com.ar\/site\/?page_id=36"},"modified":"2016-04-26T18:39:58","modified_gmt":"2016-04-26T18:39:58","slug":"empresa","status":"publish","type":"page","link":"https:\/\/www.fymconsultores.com.ar\/site\/empresa\/","title":{"rendered":"Empresa"},"content":{"rendered":"<p>[et_pb_section admin_label=&#8221;Section&#8221; fullwidth=&#8221;on&#8221; specialty=&#8221;off&#8221;][et_pb_fullwidth_header admin_label=&#8221;Fullwidth Header&#8221; title=&#8221;Empresa&#8221; background_layout=&#8221;dark&#8221; text_orientation=&#8221;left&#8221; header_fullscreen=&#8221;off&#8221; header_scroll_down=&#8221;off&#8221; background_url=&#8221;https:\/\/www.fymconsultores.com.ar\/site\/wp-content\/uploads\/2016\/04\/Red-Boxes-back.jpg&#8221; parallax=&#8221;off&#8221; parallax_method=&#8221;off&#8221; content_orientation=&#8221;center&#8221; image_orientation=&#8221;center&#8221; custom_button_one=&#8221;off&#8221; button_one_letter_spacing=&#8221;0&#8243; button_one_use_icon=&#8221;default&#8221; button_one_icon_placement=&#8221;right&#8221; button_one_on_hover=&#8221;on&#8221; button_one_letter_spacing_hover=&#8221;0&#8243; custom_button_two=&#8221;off&#8221; button_two_letter_spacing=&#8221;0&#8243; button_two_use_icon=&#8221;default&#8221; button_two_icon_placement=&#8221;right&#8221; button_two_on_hover=&#8221;on&#8221; button_two_letter_spacing_hover=&#8221;0&#8243; subhead=&#8221;M\u00e1s de 10 a\u00f1os de trayectoria&#8221;] [\/et_pb_fullwidth_header][\/et_pb_section][et_pb_section admin_label=&#8221;section&#8221;][et_pb_row admin_label=&#8221;row&#8221;][et_pb_column type=&#8221;3_4&#8243;][et_pb_text admin_label=&#8221;Text&#8221;]<\/p>\n<p>Somos una empresa conformada desde el a\u00f1o 2003 por expertos en inform\u00e1tica, con una amplia y profunda experiencia en las tecnolog\u00edas de la informaci\u00f3n. Nos dedicamos fundamentalmente a la creaci\u00f3n e implementaci\u00f3n de software de calidad altamente personalizable.<\/p>\n<p>Nuestro continuo desarrollo de productos y servicios nos posiciona en la actualidad como uno de los principales referentes de la regi\u00f3n, con un f\u00e9rreo compromiso en la utilizaci\u00f3n de modernos procesos de Ingenier\u00eda de Software para la formaci\u00f3n, evaluaci\u00f3n y desarrollo de proyectos IT.<\/p>\n<p><strong>Directores:<\/strong><\/p>\n<p><img loading=\"lazy\" decoding=\"async\" class=\"alignnone wp-image-186 size-full\" src=\"https:\/\/www.fymconsultores.com.ar\/site\/wp-content\/uploads\/2016\/04\/daniel_marossero.jpg\" alt=\"Daniel Marossero\" width=\"382\" height=\"165\" srcset=\"https:\/\/www.fymconsultores.com.ar\/site\/wp-content\/uploads\/2016\/04\/daniel_marossero.jpg 382w, https:\/\/www.fymconsultores.com.ar\/site\/wp-content\/uploads\/2016\/04\/daniel_marossero-300x130.jpg 300w\" sizes=\"(max-width: 382px) 100vw, 382px\" \/>\u00a0<a href=\"https:\/\/www.linkedin.com\/in\/walter-ferrero-9908b526\" target=\"_blank\"><img loading=\"lazy\" decoding=\"async\" class=\"alignnone wp-image-183 size-full\" src=\"https:\/\/www.fymconsultores.com.ar\/site\/wp-content\/uploads\/2016\/04\/walterferrero.jpg\" alt=\"Walter Ferrero\" width=\"382\" height=\"165\" srcset=\"https:\/\/www.fymconsultores.com.ar\/site\/wp-content\/uploads\/2016\/04\/walterferrero.jpg 382w, https:\/\/www.fymconsultores.com.ar\/site\/wp-content\/uploads\/2016\/04\/walterferrero-300x130.jpg 300w\" sizes=\"(max-width: 382px) 100vw, 382px\" \/><\/a><\/p>\n<h4><em>El compromiso, la calidad y el tiempo de respuesta, caracterizan <a href=\"https:\/\/www.fymconsultores.com.ar\/site\/servicios\/\"><strong>nuestros servicios<\/strong><\/a>.<\/em><\/h4>\n<p>[\/et_pb_text][et_pb_divider admin_label=&#8221;Divider&#8221; color=&#8221;#e5e5e5&#8243; show_divider=&#8221;on&#8221; divider_style=&#8221;solid&#8221; divider_position=&#8221;top&#8221; hide_on_mobile=&#8221;on&#8221; custom_css_main_element=&#8221;padding-bottom: 15px;&#8221;] [\/et_pb_divider][et_pb_text admin_label=&#8221;Text &#8211; Nuestros Clientes&#8221; background_layout=&#8221;light&#8221; text_orientation=&#8221;left&#8221; use_border_color=&#8221;off&#8221; border_color=&#8221;#ffffff&#8221; border_style=&#8221;solid&#8221;]<\/p>\n<h2>Nuestros <strong>Clientes<\/strong><\/h2>\n<p>[\/et_pb_text][et_pb_text admin_label=&#8221;Logos Clientes&#8221; background_layout=&#8221;light&#8221; text_orientation=&#8221;left&#8221; use_border_color=&#8221;off&#8221; border_color=&#8221;#ffffff&#8221; border_style=&#8221;solid&#8221;] <div id=\"\" class=\"logooos_container logooos_notready\"><div class=\"logooos logooos_grid logooos_responsive logooos_withtooltip logooos_grayscale logooos_no_border logooos_listborder logooos_no_radius  \" data-columnsnum=\"6\" data-marginbetweenitems=\"5px\" data-itemsheightpercentage=\"0.65\" data-hovereffect=\"\" data-hovereffectcolor=\"#DCDCDC\" data-bordercolor=\"transparent\"  ><div class=\"logooos_item\" data-id=\"144\" data-title=\"Suri Agro Negocios S.R.L.\" style=\"background-color:transparent; border-color:transparent\">\n\t\t\t\t\t\t<a rel=\"nofollow\"  target=\"_blank\"><img decoding=\"async\" src=\"https:\/\/www.fymconsultores.com.ar\/site\/wp-content\/uploads\/2016\/04\/logo.png\" title=\"\" style=\"max-width:70% !important; max-height:70% !important;\" alt=\"Suri Agro Negocios S.R.L.\" \/><\/a><\/div><div class=\"logooos_item\" data-id=\"142\" data-title=\"Semiller\u00eda Roller S.R.L.\" style=\"background-color:transparent; border-color:transparent\">\n\t\t\t\t\t\t<a rel=\"nofollow\"  target=\"_blank\"><img decoding=\"async\" src=\"https:\/\/www.fymconsultores.com.ar\/site\/wp-content\/uploads\/2016\/04\/logo_interno.png\" title=\"\" style=\"max-width:70% !important; max-height:70% !important;\" alt=\"Semiller\u00eda Roller S.R.L.\" \/><\/a><\/div><div class=\"logooos_item\" data-id=\"140\" data-title=\"Municipalidad De San Marcos Sud\" style=\"background-color:transparent; border-color:transparent\">\n\t\t\t\t\t\t<a rel=\"nofollow\"  target=\"_blank\"><img decoding=\"async\" src=\"https:\/\/www.fymconsultores.com.ar\/site\/wp-content\/uploads\/2016\/04\/municipalidadmarcossud.jpg\" title=\"\" style=\"max-width:90% !important; max-height:90% !important;\" alt=\"Municipalidad De San Marcos Sud\" \/><\/a><\/div><div class=\"logooos_item\" data-id=\"138\" data-title=\"Municipalidad de Monte Buey\" style=\"background-color:transparent; border-color:transparent\">\n\t\t\t\t\t\t<a rel=\"nofollow\"  target=\"_blank\"><img decoding=\"async\" src=\"https:\/\/www.fymconsultores.com.ar\/site\/wp-content\/uploads\/2016\/04\/Logo-3.jpg\" title=\"\" style=\"max-width:70% !important; max-height:70% !important;\" alt=\"Municipalidad de Monte Buey\" \/><\/a><\/div><div class=\"logooos_item\" data-id=\"135\" data-title=\"Agro Kom Kawa\" style=\"background-color:transparent; border-color:transparent\">\n\t\t\t\t\t\t<a rel=\"nofollow\"  target=\"_blank\"><img decoding=\"async\" src=\"https:\/\/www.fymconsultores.com.ar\/site\/wp-content\/uploads\/2016\/04\/agro-kom-kawa.png\" title=\"\" style=\"max-width:70% !important; max-height:70% !important;\" alt=\"Agro Kom Kawa\" \/><\/a><\/div><div class=\"logooos_item\" data-id=\"133\" data-title=\"Instituto Tecnico Agrario Indus.\" style=\"background-color:transparent; border-color:transparent\">\n\t\t\t\t\t\t<a rel=\"nofollow\"  target=\"_blank\"><img decoding=\"async\" src=\"https:\/\/www.fymconsultores.com.ar\/site\/wp-content\/uploads\/2016\/04\/Logo-1.gif\" title=\"\" style=\"max-width:45% !important; max-height:45% !important;\" alt=\"Instituto Tecnico Agrario Indus.\" \/><\/a><\/div><div class=\"logooos_item\" data-id=\"131\" data-title=\"Inpolcor S.R.L.\" style=\"background-color:transparent; border-color:transparent\">\n\t\t\t\t\t\t<a rel=\"nofollow\"  target=\"_blank\"><img decoding=\"async\" src=\"https:\/\/www.fymconsultores.com.ar\/site\/wp-content\/uploads\/2016\/04\/Logo-2.jpg\" title=\"\" style=\"max-width:70% !important; max-height:70% !important;\" alt=\"Inpolcor S.R.L.\" \/><\/a><\/div><div class=\"logooos_item\" data-id=\"129\" data-title=\"Industria Metal\u00f9rgica T.C.F. S.A.\" style=\"background-color:transparent; border-color:transparent\">\n\t\t\t\t\t\t<a rel=\"nofollow\"  target=\"_blank\"><img decoding=\"async\" src=\"https:\/\/www.fymconsultores.com.ar\/site\/wp-content\/uploads\/2016\/04\/4599_logo.jpg\" title=\"\" style=\"max-width:70% !important; max-height:70% !important;\" alt=\"Industria Metal\u00f9rgica T.C.F. S.A.\" \/><\/a><\/div><div class=\"logooos_item\" data-id=\"126\" data-title=\"Huinca Cereales S.R.L.\" style=\"background-color:transparent; border-color:transparent\">\n\t\t\t\t\t\t<a rel=\"nofollow\"  target=\"_blank\"><img decoding=\"async\" src=\"https:\/\/www.fymconsultores.com.ar\/site\/wp-content\/uploads\/2016\/04\/huincacereales.jpg\" title=\"\" style=\"max-width:70% !important; max-height:70% !important;\" alt=\"Huinca Cereales S.R.L.\" \/><\/a><\/div><div class=\"logooos_item\" data-id=\"124\" data-title=\"GI-RE S.A.\" style=\"background-color:transparent; border-color:transparent\">\n\t\t\t\t\t\t<a rel=\"nofollow\"  target=\"_blank\"><img decoding=\"async\" src=\"https:\/\/www.fymconsultores.com.ar\/site\/wp-content\/uploads\/2016\/04\/logo-e1460742720655.jpg\" title=\"\" style=\"max-width:70% !important; max-height:70% !important;\" alt=\"GI-RE S.A.\" \/><\/a><\/div><div class=\"logooos_item\" data-id=\"122\" data-title=\"Geval S.A.\" style=\"background-color:transparent; border-color:transparent\">\n\t\t\t\t\t\t<a rel=\"nofollow\"  target=\"_blank\"><img decoding=\"async\" src=\"https:\/\/www.fymconsultores.com.ar\/site\/wp-content\/uploads\/2016\/04\/Logo_GevalSA.jpg\" title=\"\" style=\"max-width:70% !important; max-height:70% !important;\" alt=\"Geval S.A.\" \/><\/a><\/div><div class=\"logooos_item\" data-id=\"120\" data-title=\"Crivello S.R.L.\" style=\"background-color:transparent; border-color:transparent\">\n\t\t\t\t\t\t<a rel=\"nofollow\"  target=\"_blank\"><img decoding=\"async\" src=\"https:\/\/www.fymconsultores.com.ar\/site\/wp-content\/uploads\/2016\/04\/logo1-e1460736261846.png\" title=\"\" style=\"max-width:70% !important; max-height:70% !important;\" alt=\"Crivello S.R.L.\" \/><\/a><\/div><div class=\"logooos_item\" data-id=\"118\" data-title=\"GAC Insumos Agropecuarios\" style=\"background-color:transparent; border-color:transparent\">\n\t\t\t\t\t\t<a rel=\"nofollow\"  target=\"_blank\"><img decoding=\"async\" src=\"https:\/\/www.fymconsultores.com.ar\/site\/wp-content\/uploads\/2016\/04\/logo_gac.png\" title=\"\" style=\"max-width:70% !important; max-height:70% !important;\" alt=\"GAC Insumos Agropecuarios\" \/><\/a><\/div><div class=\"logooos_item\" data-id=\"116\" data-title=\"Coop. El\u00e9ctrica y de Obras y Serv. P\u00fablicos de Monte Buey\" style=\"background-color:transparent; border-color:transparent\">\n\t\t\t\t\t\t<a rel=\"nofollow\"  target=\"_blank\"><img decoding=\"async\" src=\"https:\/\/www.fymconsultores.com.ar\/site\/wp-content\/uploads\/2016\/04\/logo.gif\" title=\"\" style=\"max-width:70% !important; max-height:70% !important;\" alt=\"Coop. El\u00e9ctrica y de Obras y Serv. P\u00fablicos de Monte Buey\" \/><\/a><\/div><div class=\"logooos_item\" data-id=\"114\" data-title=\"Coop. Ag. Gan. de Justiniano Posse LTDA.\" style=\"background-color:transparent; border-color:transparent\">\n\t\t\t\t\t\t<a rel=\"nofollow\"  target=\"_blank\"><img decoding=\"async\" src=\"https:\/\/www.fymconsultores.com.ar\/site\/wp-content\/uploads\/2016\/04\/Logo.jpg\" title=\"\" style=\"max-width:70% !important; max-height:70% !important;\" alt=\"Coop. Ag. Gan. de Justiniano Posse LTDA.\" \/><\/a><\/div><div class=\"logooos_item\" data-id=\"111\" data-title=\"Club Matienzo M. S. Y D.\" style=\"background-color:transparent; border-color:transparent\">\n\t\t\t\t\t\t<a rel=\"nofollow\"  target=\"_blank\"><img decoding=\"async\" src=\"https:\/\/www.fymconsultores.com.ar\/site\/wp-content\/uploads\/2016\/04\/Logo.gif\" title=\"\" style=\"max-width:50% !important; max-height:50% !important;\" alt=\"Club Matienzo M. S. Y D.\" \/><\/a><\/div><div class=\"logooos_item\" data-id=\"110\" data-title=\"Agricultores Federados Argentinos S.C.L.\" style=\"background-color:transparent; border-color:transparent\">\n\t\t\t\t\t\t<a rel=\"nofollow\"  target=\"_blank\"><img decoding=\"async\" src=\"https:\/\/www.fymconsultores.com.ar\/site\/wp-content\/uploads\/2016\/04\/afa.jpg\" title=\"\" style=\"max-width:99% !important; max-height:99% !important;\" alt=\"Agricultores Federados Argentinos S.C.L.\" \/><\/a><\/div><div class=\"logooos_item\" data-id=\"107\" data-title=\"AAXOD S.A.\" style=\"background-color:transparent; border-color:transparent\">\n\t\t\t\t\t\t<a rel=\"nofollow\"  target=\"_blank\"><img decoding=\"async\" src=\"https:\/\/www.fymconsultores.com.ar\/site\/wp-content\/uploads\/2016\/04\/aaxod.jpg\" title=\"\" style=\"max-width:55% !important; max-height:55% !important;\" alt=\"AAXOD S.A.\" \/><\/a><\/div><\/div><\/div> [\/et_pb_text][\/et_pb_column][et_pb_column type=&#8221;1_4&#8243;][et_pb_sidebar admin_label=&#8221;Sidebar&#8221; orientation=&#8221;right&#8221; area=&#8221;sidebar-1&#8243; background_layout=&#8221;light&#8221; remove_border=&#8221;off&#8221;] [\/et_pb_sidebar][\/et_pb_column][\/et_pb_row][\/et_pb_section]<\/p>\n","protected":false},"excerpt":{"rendered":"<p>Somos una empresa conformada desde el a\u00f1o 2003 por expertos en inform\u00e1tica, con una amplia y profunda experiencia en las tecnolog\u00edas de la informaci\u00f3n. Nos dedicamos fundamentalmente a la creaci\u00f3n e implementaci\u00f3n de software de calidad altamente personalizable. Nuestro continuo desarrollo de productos y servicios nos posiciona en la actualidad como uno de los principales [&hellip;]<\/p>\n","protected":false},"author":1,"featured_media":0,"parent":0,"menu_order":0,"comment_status":"closed","ping_status":"closed","template":"","meta":{"_et_pb_use_builder":"on","_et_pb_old_content":"<p>Somos una empresa conformada desde el a\u00f1o 2003 por expertos en inform\u00e1tica, con una amplia y profunda experiencia en las tecnolog\u00edas de la informaci\u00f3n. Nos dedicamos fundamentalmente a la creaci\u00f3n e implementaci\u00f3n de software de calidad altamente personalizable.<\/p><p>Nuestro continuo desarrollo de productos y servicios nos posiciona en la actualidad como uno de los principales referentes de la regi\u00f3n, con un f\u00e9rreo compromiso en la utilizaci\u00f3n de modernos procesos de Ingenier\u00eda de Software para la formaci\u00f3n, evaluaci\u00f3n y desarrollo de proyectos IT.<\/p><p><strong>Directores:<\/strong><\/p><p><img class=\"alignnone wp-image-186 size-full\" src=\"http:\/\/www.fymconsultores.com.ar\/site\/wp-content\/uploads\/2016\/04\/daniel_marossero.jpg\" alt=\"Daniel Marossero\" width=\"382\" height=\"165\" \/>\u00a0<a href=\"https:\/\/www.linkedin.com\/in\/walter-ferrero-9908b526\" target=\"_blank\"><img class=\"alignnone wp-image-183 size-full\" src=\"http:\/\/www.fymconsultores.com.ar\/site\/wp-content\/uploads\/2016\/04\/walterferrero.jpg\" alt=\"Walter Ferrero\" width=\"382\" height=\"165\" \/><\/a><\/p><h4><em>El compromiso, la calidad y el tiempo de respuesta, caracterizan <a href=\"http:\/\/www.fymconsultores.com.ar\/site\/servicios\/\"><strong>nuestros servicios<\/strong><\/a>.<\/em><\/h4>","_et_gb_content_width":"","jetpack_post_was_ever_published":false,"footnotes":""},"jetpack_sharing_enabled":true,"jetpack_shortlink":"https:\/\/wp.me\/P7sY8X-A","_links":{"self":[{"href":"https:\/\/www.fymconsultores.com.ar\/site\/wp-json\/wp\/v2\/pages\/36"}],"collection":[{"href":"https:\/\/www.fymconsultores.com.ar\/site\/wp-json\/wp\/v2\/pages"}],"about":[{"href":"https:\/\/www.fymconsultores.com.ar\/site\/wp-json\/wp\/v2\/types\/page"}],"author":[{"embeddable":true,"href":"https:\/\/www.fymconsultores.com.ar\/site\/wp-json\/wp\/v2\/users\/1"}],"replies":[{"embeddable":true,"href":"https:\/\/www.fymconsultores.com.ar\/site\/wp-json\/wp\/v2\/comments?post=36"}],"version-history":[{"count":25,"href":"https:\/\/www.fymconsultores.com.ar\/site\/wp-json\/wp\/v2\/pages\/36\/revisions"}],"predecessor-version":[{"id":276,"href":"https:\/\/www.fymconsultores.com.ar\/site\/wp-json\/wp\/v2\/pages\/36\/revisions\/276"}],"wp:attachment":[{"href":"https:\/\/www.fymconsultores.com.ar\/site\/wp-json\/wp\/v2\/media?parent=36"}],"curies":[{"name":"wp","href":"https:\/\/api.w.org\/{rel}","templated":true}]}}