{"id":40,"date":"2016-04-12T17:29:19","date_gmt":"2016-04-12T17:29:19","guid":{"rendered":"http:\/\/www.fymconsultores.com.ar\/site\/?page_id=40"},"modified":"2016-04-26T18:41:48","modified_gmt":"2016-04-26T18:41:48","slug":"productos","status":"publish","type":"page","link":"https:\/\/www.fymconsultores.com.ar\/site\/productos\/","title":{"rendered":"Productos"},"content":{"rendered":"<p>[et_pb_section admin_label=&#8221;Section&#8221; fullwidth=&#8221;on&#8221; specialty=&#8221;off&#8221;][et_pb_fullwidth_header admin_label=&#8221;Fullwidth Header&#8221; title=&#8221;Productos&#8221; background_layout=&#8221;dark&#8221; text_orientation=&#8221;left&#8221; header_fullscreen=&#8221;off&#8221; header_scroll_down=&#8221;off&#8221; background_url=&#8221;https:\/\/www.fymconsultores.com.ar\/site\/wp-content\/uploads\/2016\/04\/Red-Boxes-back.jpg&#8221; parallax=&#8221;off&#8221; parallax_method=&#8221;off&#8221; content_orientation=&#8221;center&#8221; image_orientation=&#8221;center&#8221; custom_button_one=&#8221;off&#8221; button_one_letter_spacing=&#8221;0&#8243; button_one_use_icon=&#8221;default&#8221; button_one_icon_placement=&#8221;right&#8221; button_one_on_hover=&#8221;on&#8221; button_one_letter_spacing_hover=&#8221;0&#8243; custom_button_two=&#8221;off&#8221; button_two_letter_spacing=&#8221;0&#8243; button_two_use_icon=&#8221;default&#8221; button_two_icon_placement=&#8221;right&#8221; button_two_on_hover=&#8221;on&#8221; button_two_letter_spacing_hover=&#8221;0&#8243; subhead=&#8221;Soluciones inform\u00e1ticas de alto valor agregado&#8221;] [\/et_pb_fullwidth_header][\/et_pb_section][et_pb_section admin_label=&#8221;section&#8221;][et_pb_row admin_label=&#8221;Row&#8221;][et_pb_column type=&#8221;1_3&#8243;][et_pb_text admin_label=&#8221;Text &#8211; Software de Calidad&#8221; background_layout=&#8221;light&#8221; text_orientation=&#8221;left&#8221; use_border_color=&#8221;off&#8221; border_color=&#8221;#ffffff&#8221; border_style=&#8221;solid&#8221;]<\/p>\n<h1>Software de\u00a0<strong>Calidad<\/strong><\/h1>\n<p>[\/et_pb_text][et_pb_text admin_label=&#8221;Text&#8221; background_layout=&#8221;light&#8221; text_orientation=&#8221;left&#8221; use_border_color=&#8221;off&#8221; border_color=&#8221;#ffffff&#8221; border_style=&#8221;solid&#8221;]<\/p>\n<p>Nos especializamos en ofrecer<strong> soluciones integrales<\/strong> para gesti\u00f3n, control y desarrollo de todo tipo de actividades a trav\u00e9s del dise\u00f1o e implementaciones de productos inform\u00e1ticos. Nuestros clientes proceden de las m\u00e1s diversas actividades, lo cual nos obliga a perfeccionar y mejorar continuamente para poder ofrecer soluciones inform\u00e1ticas de alto valor agregado.<\/p>\n<p>Proporcionamos las herramientas necesarias para la<strong> mejora de sus procesos de gesti\u00f3n<\/strong>, utilizando las tecnolog\u00edas de informaci\u00f3n m\u00e1s adecuadas para cada caso. Esto es posible gracias a un s\u00f3lido equipo de profesionales dedicados en cada una de las \u00e1reas para lograr los mejores resultados tanto interna como externamente.<\/p>\n<p>Dedicados a la creaci\u00f3n e implementaciones de<strong> software de calidad altamente personalizable<\/strong>, nuestro equipo de profesionales est\u00e1 comprometido con la satisfacci\u00f3n de las necesidades espec\u00edficas de cada uno de nuestros clientes.<\/p>\n<p>[\/et_pb_text][et_pb_text admin_label=&#8221;Text&#8221; background_layout=&#8221;light&#8221; text_orientation=&#8221;left&#8221; use_border_color=&#8221;off&#8221; border_color=&#8221;#ffffff&#8221; border_style=&#8221;solid&#8221;]<\/p>\n<h4><em>Haga click sobre alguno de nuestros productos para obtener m\u00e1s informaci\u00f3n.<\/em><\/h4>\n<p>[\/et_pb_text][\/et_pb_column][et_pb_column type=&#8221;2_3&#8243;][et_pb_text admin_label=&#8221;Text &#8211; Nuestros Productos&#8221; background_layout=&#8221;light&#8221; text_orientation=&#8221;left&#8221; use_border_color=&#8221;off&#8221; border_color=&#8221;#ffffff&#8221; border_style=&#8221;solid&#8221;]<\/p>\n<h2>Nuestros <strong>Productos<\/strong><\/h2>\n<p>[\/et_pb_text][et_pb_blurb admin_label=&#8221;MasterCrop&#8221; title=&#8221;MASTERCROP&#8221; url_new_window=&#8221;off&#8221; use_icon=&#8221;off&#8221; icon_color=&#8221;#7EBEC5&#8243; use_circle=&#8221;off&#8221; circle_color=&#8221;#7EBEC5&#8243; use_circle_border=&#8221;off&#8221; circle_border_color=&#8221;#7EBEC5&#8243; image=&#8221;https:\/\/www.fymconsultores.com.ar\/site\/wp-content\/uploads\/2016\/04\/mastercrop-1.jpg&#8221; icon_placement=&#8221;top&#8221; animation=&#8221;top&#8221; background_layout=&#8221;light&#8221; text_orientation=&#8221;left&#8221; use_icon_font_size=&#8221;off&#8221; use_border_color=&#8221;off&#8221; border_color=&#8221;#ffffff&#8221; border_style=&#8221;solid&#8221; custom_css_main_element=&#8221;float:left;||width:210px;||padding:10px;||margin-right:2px;&#8221; background_color=&#8221;#f6f6f6&#8243; url=&#8221;https:\/\/www.fymconsultores.com.ar\/site\/project\/master-crop\/&#8221;]<\/p>\n<p><strong>Gesti\u00f3n online de producci\u00f3n agr\u00edcola post-cosecha.<br \/>\n<\/strong>\u00bfLe gustar\u00eda gestionar el campo desde su Smartphone?<\/p>\n<p>[\/et_pb_blurb][et_pb_blurb admin_label=&#8221;Wincer&#8221; title=&#8221;WINCER&#8221; url_new_window=&#8221;off&#8221; use_icon=&#8221;off&#8221; icon_color=&#8221;#7EBEC5&#8243; use_circle=&#8221;off&#8221; circle_color=&#8221;#7EBEC5&#8243; use_circle_border=&#8221;off&#8221; circle_border_color=&#8221;#7EBEC5&#8243; image=&#8221;https:\/\/www.fymconsultores.com.ar\/site\/wp-content\/uploads\/2016\/04\/icon-wincer-1.jpg&#8221; icon_placement=&#8221;top&#8221; animation=&#8221;top&#8221; background_layout=&#8221;light&#8221; text_orientation=&#8221;left&#8221; use_icon_font_size=&#8221;off&#8221; use_border_color=&#8221;off&#8221; border_color=&#8221;#ffffff&#8221; border_style=&#8221;solid&#8221; custom_css_main_element=&#8221;float:left;||width:210px;||padding:10px;||margin-right:2px;&#8221; background_color=&#8221;#f6f6f6&#8243; url=&#8221;https:\/\/www.fymconsultores.com.ar\/site\/project\/wincer\/&#8221;]<\/p>\n<p><strong>Administraci\u00f3n de acopios y aceiteras.<br \/>\n<\/strong>Administre sus circuitos de informaci\u00f3n en tiempo real.<\/p>\n<p>[\/et_pb_blurb][et_pb_blurb admin_label=&#8221;Pegasus&#8221; title=&#8221;PEGASUS&#8221; url_new_window=&#8221;off&#8221; use_icon=&#8221;off&#8221; icon_color=&#8221;#7EBEC5&#8243; use_circle=&#8221;off&#8221; circle_color=&#8221;#7EBEC5&#8243; use_circle_border=&#8221;off&#8221; circle_border_color=&#8221;#7EBEC5&#8243; image=&#8221;https:\/\/www.fymconsultores.com.ar\/site\/wp-content\/uploads\/2016\/04\/icon-pegasus.jpg&#8221; icon_placement=&#8221;top&#8221; animation=&#8221;top&#8221; background_layout=&#8221;light&#8221; text_orientation=&#8221;left&#8221; use_icon_font_size=&#8221;off&#8221; use_border_color=&#8221;off&#8221; border_color=&#8221;#ffffff&#8221; border_style=&#8221;solid&#8221; custom_css_main_element=&#8221;float:left;||width:210px;||padding:10px;||margin-right:2px;&#8221; background_color=&#8221;#f6f6f6&#8243; url=&#8221;https:\/\/www.fymconsultores.com.ar\/site\/project\/pegasus\/&#8221;]<\/p>\n<p><strong>Gesti\u00f3n administrativa, contable, facturaci\u00f3n y stock.<br \/>\n<\/strong>Utilice un sistema confiable adaptado a sus requerimientos.<\/p>\n<p>[\/et_pb_blurb][et_pb_blurb admin_label=&#8221;Winagro&#8221; title=&#8221;WINAGRO&#8221; url_new_window=&#8221;off&#8221; use_icon=&#8221;off&#8221; icon_color=&#8221;#7EBEC5&#8243; use_circle=&#8221;off&#8221; circle_color=&#8221;#7EBEC5&#8243; use_circle_border=&#8221;off&#8221; circle_border_color=&#8221;#7EBEC5&#8243; image=&#8221;https:\/\/www.fymconsultores.com.ar\/site\/wp-content\/uploads\/2016\/04\/icon-winagro-1.jpg&#8221; icon_placement=&#8221;top&#8221; animation=&#8221;top&#8221; background_layout=&#8221;light&#8221; text_orientation=&#8221;left&#8221; use_icon_font_size=&#8221;off&#8221; use_border_color=&#8221;off&#8221; border_color=&#8221;#ffffff&#8221; border_style=&#8221;solid&#8221; custom_css_main_element=&#8221;float:left;||width:210px;||padding:10px;||margin-right:2px;&#8221; background_color=&#8221;#f6f6f6&#8243; url=&#8221;https:\/\/www.fymconsultores.com.ar\/site\/project\/winagro\/&#8221;]<\/p>\n<p><strong>Sistema integral de gesti\u00f3n agr\u00edcola.<br \/>\n<\/strong>Un afianzado sistema de control y administraci\u00f3n local.<\/p>\n<p>[\/et_pb_blurb][et_pb_blurb admin_label=&#8221;Winsueldos&#8221; title=&#8221;WINSUELDOS&#8221; url_new_window=&#8221;off&#8221; use_icon=&#8221;off&#8221; icon_color=&#8221;#7EBEC5&#8243; use_circle=&#8221;off&#8221; circle_color=&#8221;#7EBEC5&#8243; use_circle_border=&#8221;off&#8221; circle_border_color=&#8221;#7EBEC5&#8243; image=&#8221;https:\/\/www.fymconsultores.com.ar\/site\/wp-content\/uploads\/2016\/04\/icon-winsueldos-1.jpg&#8221; icon_placement=&#8221;top&#8221; animation=&#8221;top&#8221; background_layout=&#8221;light&#8221; text_orientation=&#8221;left&#8221; use_icon_font_size=&#8221;off&#8221; use_border_color=&#8221;off&#8221; border_color=&#8221;#ffffff&#8221; border_style=&#8221;solid&#8221; custom_css_main_element=&#8221;float:left;||width:210px;||padding:10px;&#8221; background_color=&#8221;#f6f6f6&#8243; url=&#8221;https:\/\/www.fymconsultores.com.ar\/site\/project\/winsueldos&#8221;]<\/p>\n<p><strong>Liquidaci\u00f3n de sueldos y jornales.<br \/>\n<\/strong>Gestione f\u00e1cilmente convenios, conceptos y reportes.<\/p>\n<p>[\/et_pb_blurb][\/et_pb_column][\/et_pb_row][et_pb_row admin_label=&#8221;Row&#8221;][et_pb_column type=&#8221;4_4&#8243;][et_pb_text admin_label=&#8221;Text &#8211; Nuestros Clientes&#8221; background_layout=&#8221;light&#8221; text_orientation=&#8221;left&#8221; use_border_color=&#8221;off&#8221; border_color=&#8221;#ffffff&#8221; border_style=&#8221;solid&#8221;]<\/p>\n<h2>Nuestros <strong>Clientes<\/strong><\/h2>\n<p>[\/et_pb_text][et_pb_text admin_label=&#8221;Logos Clientes&#8221; background_layout=&#8221;light&#8221; text_orientation=&#8221;left&#8221; use_border_color=&#8221;off&#8221; border_color=&#8221;#ffffff&#8221; border_style=&#8221;solid&#8221;]<\/p>\n<div id=\"\" class=\"logooos_container logooos_notready\"><div class=\"logooos logooos_grid logooos_responsive logooos_withtooltip logooos_grayscale logooos_no_border logooos_listborder logooos_no_radius  \" data-columnsnum=\"9\" data-marginbetweenitems=\"5px\" data-itemsheightpercentage=\"0.65\" data-hovereffect=\"\" data-hovereffectcolor=\"#DCDCDC\" data-bordercolor=\"transparent\"  ><div class=\"logooos_item\" data-id=\"144\" data-title=\"Suri Agro Negocios S.R.L.\" style=\"background-color:transparent; border-color:transparent\">\n\t\t\t\t\t\t<a rel=\"nofollow\"  target=\"_blank\"><img decoding=\"async\" src=\"https:\/\/www.fymconsultores.com.ar\/site\/wp-content\/uploads\/2016\/04\/logo.png\" title=\"\" style=\"max-width:70% !important; max-height:70% !important;\" alt=\"Suri Agro Negocios S.R.L.\" \/><\/a><\/div><div class=\"logooos_item\" data-id=\"142\" data-title=\"Semiller\u00eda Roller S.R.L.\" style=\"background-color:transparent; border-color:transparent\">\n\t\t\t\t\t\t<a rel=\"nofollow\"  target=\"_blank\"><img decoding=\"async\" src=\"https:\/\/www.fymconsultores.com.ar\/site\/wp-content\/uploads\/2016\/04\/logo_interno.png\" title=\"\" style=\"max-width:70% !important; max-height:70% !important;\" alt=\"Semiller\u00eda Roller S.R.L.\" \/><\/a><\/div><div class=\"logooos_item\" data-id=\"140\" data-title=\"Municipalidad De San Marcos Sud\" style=\"background-color:transparent; border-color:transparent\">\n\t\t\t\t\t\t<a rel=\"nofollow\"  target=\"_blank\"><img decoding=\"async\" src=\"https:\/\/www.fymconsultores.com.ar\/site\/wp-content\/uploads\/2016\/04\/municipalidadmarcossud.jpg\" title=\"\" style=\"max-width:90% !important; max-height:90% !important;\" alt=\"Municipalidad De San Marcos Sud\" \/><\/a><\/div><div class=\"logooos_item\" data-id=\"138\" data-title=\"Municipalidad de Monte Buey\" style=\"background-color:transparent; border-color:transparent\">\n\t\t\t\t\t\t<a rel=\"nofollow\"  target=\"_blank\"><img decoding=\"async\" src=\"https:\/\/www.fymconsultores.com.ar\/site\/wp-content\/uploads\/2016\/04\/Logo-3.jpg\" title=\"\" style=\"max-width:70% !important; max-height:70% !important;\" alt=\"Municipalidad de Monte Buey\" \/><\/a><\/div><div class=\"logooos_item\" data-id=\"135\" data-title=\"Agro Kom Kawa\" style=\"background-color:transparent; border-color:transparent\">\n\t\t\t\t\t\t<a rel=\"nofollow\"  target=\"_blank\"><img decoding=\"async\" src=\"https:\/\/www.fymconsultores.com.ar\/site\/wp-content\/uploads\/2016\/04\/agro-kom-kawa.png\" title=\"\" style=\"max-width:70% !important; max-height:70% !important;\" alt=\"Agro Kom Kawa\" \/><\/a><\/div><div class=\"logooos_item\" data-id=\"133\" data-title=\"Instituto Tecnico Agrario Indus.\" style=\"background-color:transparent; border-color:transparent\">\n\t\t\t\t\t\t<a rel=\"nofollow\"  target=\"_blank\"><img decoding=\"async\" src=\"https:\/\/www.fymconsultores.com.ar\/site\/wp-content\/uploads\/2016\/04\/Logo-1.gif\" title=\"\" style=\"max-width:45% !important; max-height:45% !important;\" alt=\"Instituto Tecnico Agrario Indus.\" \/><\/a><\/div><div class=\"logooos_item\" data-id=\"131\" data-title=\"Inpolcor S.R.L.\" style=\"background-color:transparent; border-color:transparent\">\n\t\t\t\t\t\t<a rel=\"nofollow\"  target=\"_blank\"><img decoding=\"async\" src=\"https:\/\/www.fymconsultores.com.ar\/site\/wp-content\/uploads\/2016\/04\/Logo-2.jpg\" title=\"\" style=\"max-width:70% !important; max-height:70% !important;\" alt=\"Inpolcor S.R.L.\" \/><\/a><\/div><div class=\"logooos_item\" data-id=\"129\" data-title=\"Industria Metal\u00f9rgica T.C.F. S.A.\" style=\"background-color:transparent; border-color:transparent\">\n\t\t\t\t\t\t<a rel=\"nofollow\"  target=\"_blank\"><img decoding=\"async\" src=\"https:\/\/www.fymconsultores.com.ar\/site\/wp-content\/uploads\/2016\/04\/4599_logo.jpg\" title=\"\" style=\"max-width:70% !important; max-height:70% !important;\" alt=\"Industria Metal\u00f9rgica T.C.F. S.A.\" \/><\/a><\/div><div class=\"logooos_item\" data-id=\"126\" data-title=\"Huinca Cereales S.R.L.\" style=\"background-color:transparent; border-color:transparent\">\n\t\t\t\t\t\t<a rel=\"nofollow\"  target=\"_blank\"><img decoding=\"async\" src=\"https:\/\/www.fymconsultores.com.ar\/site\/wp-content\/uploads\/2016\/04\/huincacereales.jpg\" title=\"\" style=\"max-width:70% !important; max-height:70% !important;\" alt=\"Huinca Cereales S.R.L.\" \/><\/a><\/div><div class=\"logooos_item\" data-id=\"124\" data-title=\"GI-RE S.A.\" style=\"background-color:transparent; border-color:transparent\">\n\t\t\t\t\t\t<a rel=\"nofollow\"  target=\"_blank\"><img decoding=\"async\" src=\"https:\/\/www.fymconsultores.com.ar\/site\/wp-content\/uploads\/2016\/04\/logo-e1460742720655.jpg\" title=\"\" style=\"max-width:70% !important; max-height:70% !important;\" alt=\"GI-RE S.A.\" \/><\/a><\/div><div class=\"logooos_item\" data-id=\"122\" data-title=\"Geval S.A.\" style=\"background-color:transparent; border-color:transparent\">\n\t\t\t\t\t\t<a rel=\"nofollow\"  target=\"_blank\"><img decoding=\"async\" src=\"https:\/\/www.fymconsultores.com.ar\/site\/wp-content\/uploads\/2016\/04\/Logo_GevalSA.jpg\" title=\"\" style=\"max-width:70% !important; max-height:70% !important;\" alt=\"Geval S.A.\" \/><\/a><\/div><div class=\"logooos_item\" data-id=\"120\" data-title=\"Crivello S.R.L.\" style=\"background-color:transparent; border-color:transparent\">\n\t\t\t\t\t\t<a rel=\"nofollow\"  target=\"_blank\"><img decoding=\"async\" src=\"https:\/\/www.fymconsultores.com.ar\/site\/wp-content\/uploads\/2016\/04\/logo1-e1460736261846.png\" title=\"\" style=\"max-width:70% !important; max-height:70% !important;\" alt=\"Crivello S.R.L.\" \/><\/a><\/div><div class=\"logooos_item\" data-id=\"118\" data-title=\"GAC Insumos Agropecuarios\" style=\"background-color:transparent; border-color:transparent\">\n\t\t\t\t\t\t<a rel=\"nofollow\"  target=\"_blank\"><img decoding=\"async\" src=\"https:\/\/www.fymconsultores.com.ar\/site\/wp-content\/uploads\/2016\/04\/logo_gac.png\" title=\"\" style=\"max-width:70% !important; max-height:70% !important;\" alt=\"GAC Insumos Agropecuarios\" \/><\/a><\/div><div class=\"logooos_item\" data-id=\"116\" data-title=\"Coop. El\u00e9ctrica y de Obras y Serv. P\u00fablicos de Monte Buey\" style=\"background-color:transparent; border-color:transparent\">\n\t\t\t\t\t\t<a rel=\"nofollow\"  target=\"_blank\"><img decoding=\"async\" src=\"https:\/\/www.fymconsultores.com.ar\/site\/wp-content\/uploads\/2016\/04\/logo.gif\" title=\"\" style=\"max-width:70% !important; max-height:70% !important;\" alt=\"Coop. El\u00e9ctrica y de Obras y Serv. P\u00fablicos de Monte Buey\" \/><\/a><\/div><div class=\"logooos_item\" data-id=\"114\" data-title=\"Coop. Ag. Gan. de Justiniano Posse LTDA.\" style=\"background-color:transparent; border-color:transparent\">\n\t\t\t\t\t\t<a rel=\"nofollow\"  target=\"_blank\"><img decoding=\"async\" src=\"https:\/\/www.fymconsultores.com.ar\/site\/wp-content\/uploads\/2016\/04\/Logo.jpg\" title=\"\" style=\"max-width:70% !important; max-height:70% !important;\" alt=\"Coop. Ag. Gan. de Justiniano Posse LTDA.\" \/><\/a><\/div><div class=\"logooos_item\" data-id=\"111\" data-title=\"Club Matienzo M. S. Y D.\" style=\"background-color:transparent; border-color:transparent\">\n\t\t\t\t\t\t<a rel=\"nofollow\"  target=\"_blank\"><img decoding=\"async\" src=\"https:\/\/www.fymconsultores.com.ar\/site\/wp-content\/uploads\/2016\/04\/Logo.gif\" title=\"\" style=\"max-width:50% !important; max-height:50% !important;\" alt=\"Club Matienzo M. S. Y D.\" \/><\/a><\/div><div class=\"logooos_item\" data-id=\"110\" data-title=\"Agricultores Federados Argentinos S.C.L.\" style=\"background-color:transparent; border-color:transparent\">\n\t\t\t\t\t\t<a rel=\"nofollow\"  target=\"_blank\"><img decoding=\"async\" src=\"https:\/\/www.fymconsultores.com.ar\/site\/wp-content\/uploads\/2016\/04\/afa.jpg\" title=\"\" style=\"max-width:99% !important; max-height:99% !important;\" alt=\"Agricultores Federados Argentinos S.C.L.\" \/><\/a><\/div><div class=\"logooos_item\" data-id=\"107\" data-title=\"AAXOD S.A.\" style=\"background-color:transparent; border-color:transparent\">\n\t\t\t\t\t\t<a rel=\"nofollow\"  target=\"_blank\"><img decoding=\"async\" src=\"https:\/\/www.fymconsultores.com.ar\/site\/wp-content\/uploads\/2016\/04\/aaxod.jpg\" title=\"\" style=\"max-width:55% !important; max-height:55% !important;\" alt=\"AAXOD S.A.\" \/><\/a><\/div><\/div><\/div>\n<p>[\/et_pb_text][\/et_pb_column][\/et_pb_row][\/et_pb_section]<\/p>\n","protected":false},"excerpt":{"rendered":"<p>Software de\u00a0Calidad Nos especializamos en ofrecer soluciones integrales para gesti\u00f3n, control y desarrollo de todo tipo de actividades a trav\u00e9s del dise\u00f1o e implementaciones de productos inform\u00e1ticos. Nuestros clientes proceden de las m\u00e1s diversas actividades, lo cual nos obliga a perfeccionar y mejorar continuamente para poder ofrecer soluciones inform\u00e1ticas de alto valor agregado. Proporcionamos las [&hellip;]<\/p>\n","protected":false},"author":1,"featured_media":0,"parent":0,"menu_order":0,"comment_status":"closed","ping_status":"closed","template":"","meta":{"_et_pb_use_builder":"on","_et_pb_old_content":"<p>Nos especializamos en ofrecer soluciones integrales para gesti\u00f3n, control y desarrollo de todo tipo de actividades a trav\u00e9s del dise\u00f1o e implementaciones de productos inform\u00e1ticos. Nuestros clientes proceden de las m\u00e1s diversas actividades, lo cual nos obliga a perfeccionar y mejorar continuamente para poder ofrecer soluciones inform\u00e1ticas de alto valor agregado. Proporcionamos las herramientas necesarias para la mejora de sus procesos de gesti\u00f3n, utilizando las tecnolog\u00edas de informaci\u00f3n m\u00e1s adecuadas para cada caso. Esto es posible gracias a un s\u00f3lido equipo de profesionales dedicados en cada una de las \u00e1reas para lograr los mejores resultados tanto interna como externamente.<\/p><p>Dedicados a la creaci\u00f3n e implementaciones de software de calidad altamente personalizable, nuestro equipo de profesionales est\u00e1 comprometido con la satisfacci\u00f3n de las necesidades espec\u00edficas de cada uno de nuestros clientes.<\/p>","_et_gb_content_width":"","jetpack_post_was_ever_published":false,"footnotes":""},"jetpack_sharing_enabled":true,"jetpack_shortlink":"https:\/\/wp.me\/P7sY8X-E","_links":{"self":[{"href":"https:\/\/www.fymconsultores.com.ar\/site\/wp-json\/wp\/v2\/pages\/40"}],"collection":[{"href":"https:\/\/www.fymconsultores.com.ar\/site\/wp-json\/wp\/v2\/pages"}],"about":[{"href":"https:\/\/www.fymconsultores.com.ar\/site\/wp-json\/wp\/v2\/types\/page"}],"author":[{"embeddable":true,"href":"https:\/\/www.fymconsultores.com.ar\/site\/wp-json\/wp\/v2\/users\/1"}],"replies":[{"embeddable":true,"href":"https:\/\/www.fymconsultores.com.ar\/site\/wp-json\/wp\/v2\/comments?post=40"}],"version-history":[{"count":23,"href":"https:\/\/www.fymconsultores.com.ar\/site\/wp-json\/wp\/v2\/pages\/40\/revisions"}],"predecessor-version":[{"id":277,"href":"https:\/\/www.fymconsultores.com.ar\/site\/wp-json\/wp\/v2\/pages\/40\/revisions\/277"}],"wp:attachment":[{"href":"https:\/\/www.fymconsultores.com.ar\/site\/wp-json\/wp\/v2\/media?parent=40"}],"curies":[{"name":"wp","href":"https:\/\/api.w.org\/{rel}","templated":true}]}}